{"id":26,"date":"2025-06-11T05:51:44","date_gmt":"2025-06-11T05:51:44","guid":{"rendered":"https:\/\/detli.tobi.si\/?page_id=26"},"modified":"2025-06-11T05:51:44","modified_gmt":"2025-06-11T05:51:44","slug":"clani-drustva-kungoski-detli","status":"publish","type":"page","link":"https:\/\/detli.tobi.si\/index.php\/clani-drustva-kungoski-detli\/","title":{"rendered":"\u010clani dru\u0161tva Kungo\u0161ki Detli"},"content":{"rendered":"<p>Rudi Bombek<\/p>\n<p>Franc Ferlinc<\/p>\n<p>Robi Ferlinc<\/p>\n<p>Alojz Grabrovec<\/p>\n<p>Ivan Marksl<\/p>\n<p>Marjan Marksl<\/p>\n<p>Brane Me\u017enar<\/p>\n<p>Andrej Najvirt<\/p>\n<p>Rudolf Novak<\/p>\n<p>Peter Osterver\u0161nik<\/p>\n<p>Zoran Petrovi\u010d<\/p>\n<p>Peter Plav\u010dak<\/p>\n<p>Nena Potisk<\/p>\n<p>Jo\u0161e Smrkolj<\/p>\n<p>&nbsp;<\/p>\n","protected":false},"excerpt":{"rendered":"<p>Rudi Bombek Franc Ferlinc Robi Ferlinc Alojz Grabrovec Ivan Marksl Marjan Marksl Brane Me\u017enar Andrej Najvirt Rudolf Novak Peter Osterver\u0161nik Zoran Petrovi\u010d Peter Plav\u010dak Nena Potisk Jo\u0161e Smrkolj &nbsp;<\/p>\n","protected":false},"author":1,"featured_media":0,"parent":0,"menu_order":0,"comment_status":"closed","ping_status":"closed","template":"","meta":{"footnotes":""},"class_list":["post-26","page","type-page","status-publish","hentry"],"_links":{"self":[{"href":"https:\/\/detli.tobi.si\/index.php\/wp-json\/wp\/v2\/pages\/26","targetHints":{"allow":["GET"]}}],"collection":[{"href":"https:\/\/detli.tobi.si\/index.php\/wp-json\/wp\/v2\/pages"}],"about":[{"href":"https:\/\/detli.tobi.si\/index.php\/wp-json\/wp\/v2\/types\/page"}],"author":[{"embeddable":true,"href":"https:\/\/detli.tobi.si\/index.php\/wp-json\/wp\/v2\/users\/1"}],"replies":[{"embeddable":true,"href":"https:\/\/detli.tobi.si\/index.php\/wp-json\/wp\/v2\/comments?post=26"}],"version-history":[{"count":1,"href":"https:\/\/detli.tobi.si\/index.php\/wp-json\/wp\/v2\/pages\/26\/revisions"}],"predecessor-version":[{"id":27,"href":"https:\/\/detli.tobi.si\/index.php\/wp-json\/wp\/v2\/pages\/26\/revisions\/27"}],"wp:attachment":[{"href":"https:\/\/detli.tobi.si\/index.php\/wp-json\/wp\/v2\/media?parent=26"}],"curies":[{"name":"wp","href":"https:\/\/api.w.org\/{rel}","templated":true}]}}